
False
Is 31027229 composite?
False
Is 5078027 composite?
True
Is 5894419 a prime number?
False
Is 15897437 composite?
True
Is 22000133 a prime number?
False
Is 2566757 prime?
True
Is 16771613 a composite number?
True
Is 11086429 a prime number?
True
Is 40515031 prime?
False
Is 3027719 composite?
False
Is 438607937 prime?
True
Is 6879869 a composite number?
False
Is 29779 composite?
True
Is 45905809 prime?
True
Is 17717311 a prime number?
True
Is 6733345 a composite number?
True
Is 1626137 prime?
True
Is 6877501 prime?
True
Is 170804047 prime?
True
Is 9684353 a prime number?
False
Is 33692289 a composite number?
True
Is 1094728029 a prime number?
False
Is 727630439 a composite number?
True
Is 106089374 a prime number?
False
Is 17566513 composite?
True
Is 512327 composite?
True
Is 423067 a prime number?
True
Is 1621729 prime?
True
Is 1892906 prime?
False
Is 151816367 a composite number?
False
Is 3452681 a prime number?
False
Is 5962573 prime?
True
Is 15873739 composite?
True
Is 19979759 a prime number?
True
Is 4763537 composite?
True
Is 25079101 a composite number?
False
Is 4065241 a composite number?
False
Is 162965371 a composite number?
False
Is 67332157 a prime number?
False
Is 572197 prime?
False
Is 20141371 a composite number?
True
Is 19573262 a prime number?
False
Is 11582647 composite?
True
Is 199764853 composite?
False
Is 330973063 prime?
True
Is 7619331 a prime number?
False
Is 567161 composite?
True
Is 12576931 a prime number?
True
Is 2291357 a prime number?
False
Is 99211 composite?
True
Is 5031373 a prime number?
True
Is 3850633 prime?
True
Is 95373665 composite?
True
Is 622903 a composite number?
True
Is 2365133 a composite number?
True
Is 9106037 prime?
False
Is 19277099 composite?
True
Is 528362377 a composite number?
False
Is 101516239 composite?
True
Is 1086092279 composite?
True
Is 21271879 a composite number?
True
Is 794795 a composite number?
True
Is 72608777 prime?
False
Is 27532301 a composite number?
False
Is 138786745 a prime number?
False
Is 10510231 a prime number?
True
Is 586517717 composite?
False
Is 4228933 a prime number?
False
Is 21292523 prime?
False
Is 2380259 prime?
False
Is 85805449 prime?
True
Is 21685457 a prime number?
True
Is 98904221 a prime number?
False
Is 32393797 a composite number?
False
Is 1965167 composite?
False
Is 3651169 a composite number?
False
Is 726577 prime?
False
Is 11223253 a composite number?
False
Is 19474159 a composite number?
False
Is 50563265 prime?
False
Is 68336083 a composite number?
False
Is 12928967 composite?
True
Is 4401581 composite?
False
Is 1232413223 prime?
True
Is 52567607 a prime number?
False
Is 92172943 a prime number?
False
Is 13110257 a composite number?
False
Is 720653 a composite number?
False
Is 5956019 prime?
False
Is 5523515 prime?
False
Is 867229 prime?
False
Is 2049217 prime?
False
Is 58543781 composite?
False
Is 111162443 a prime number?
False
Is 10275091 composite?
False
Is 22362481 composite?
False
Is 9344971 a composite number?
False
Is 576577 a prime number?
True
Is 87815699 a composite number?
False
Is 3567539 composite?
False
Is 23667613 prime?
True
Is 53168953 a composite number?
False
Is 25338629 prime?
True
Is 400633802 a prime number?
False
Is 17039819 composite?
False
Is 264289 composite?
False
Is 46822751 prime?
True
Is 348061933 a prime number?
True
Is 1979447 composite?
True
Is 186353 composite?
True
Is 5766581 a prime number?
True
Is 114660337 composite?
True
Is 25374113 prime?
True
Is 3572042 composite?
True
Is 15727357 a composite number?
False
Is 28257505 a composite number?
True
Is 5843267 a prime number?
True
Is 98833731 a prime number?
False
Is 39280939 a composite number?
True
Is 13030723 composite?
False
Is 102941203 composite?
True
Is 15843431 a prime number?
False
Is 10194329 a prime number?
True
Is 29161643 prime?
False
Is 346159 a composite number?
True
Is 7024055 a prime number?
False
Is 18840929 composite?
False
Is 11449927 a composite number?
False
Is 64451095 prime?
False
Is 22847338 composite?
True
Is 19294633 a prime number?
False
Is 13585141 composite?
True
Is 83641183 composite?
False
Is 329340787 a composite number?
False
Is 29581837 a composite number?
True
Is 78356653 a composite number?
True
Is 4114354 prime?
False
Is 135023 composite?
True
Is 25953919 a prime number?
True
Is 2379899 a prime number?
True
Is 1208203 a prime number?
False
Is 57725662 prime?
False
Is 5788763 a prime number?
True
Is 45325337 prime?
True
Is 10525589 composite?
False
Is 56984777 a composite number?
True
Is 48674387 a composite number?
False
Is 8487527 composite?
False
Is 22009513 a composite number?
False
Is 461736161 prime?
True
Is 2556949 composite?
True
Is 2204507 a prime number?
True
Is 901584167 prime?
False
Is 545273 a prime number?
False
Is 11931077 a composite number?
True
Is 557736409 a prime number?
False
Is 3402953 prime?
True
Is 4807655 a composite number?
True
Is 41811655 prime?
False
Is 8539859 a composite number?
True
Is 6248279 prime?
False
Is 4156742 a composite number?
True
Is 7286603 a prime number?
True
Is 8110253 prime?
True
Is 2361059 prime?
False
Is 35491723 a prime number?
True
Is 1750799 a prime number?
False
Is 4167353 a composite number?
True
Is 9777749 composite?
False
Is 618427 composite?
True
Is 51672079 composite?
True
Is 24457267 prime?
False
Is 6960273 prime?
False
Is 33466385 prime?
False
Is 15868157 prime?
False
Is 97921 composite?
True
Is 34483535 a prime number?
False
Is 5226535 composite?
True
Is 7855559 a composite number?
True
Is 10695733 a composite number?
False
Is 244620347 prime?
False
Is 374939 a prime number?
True
Is 941221573 a prime number?
True
Is 502529 composite?
True
Is 6704237 a composite number?
False
Is 5712233 composite?
True
Is 3994591 a composite number?
False
Is 611531 prime?
True
Is 2096261 a composite number?
False
Is 506558357 prime?
True
Is 1349681 a prime number?
False
Is 15233203 prime?
True
Is 1082969 composite?
False
Is 13243051 prime?
False
Is 342833291 prime?
True
Is 86313593 a prime number?
False
Is 18877553 a composite number?
False
Is 1805667661 prime?
False
Is 125664751 a composite number?
False
Is 643541897 prime?
True
Is 2563257 composite?
True
Is 19239163 composite?
True
Is 347643663 composite?
True
Is 1214441 a composite number?
False
Is 102421 a prime number?
False
Is 691363 prime?
True
Is 151294931 composite?
False
Is 4522933 a prime number?
True
Is 2300069 prime?
False
Is 836449 a prime number?
True
Is 103286009 a prime number?
True
Is 114356533 composite?
False
Is 1108447 composite?
False
Is 1782527 prime?
True
Is 706983 composite?
True
Is 218674987 composite?
False
Is 3327463 composite?
True
Is 26669633 prime?
False
Is 1523913 composite?
True
Is 52759571 prime?
False
Is 88939271 a composite number?
True
Is 122555413 composite?
False
Is 81751 a composite number?
True
Is 185750477 a composite number?
True
Is 42507721 composite?
False
Is 119415029 a prime number?
True
Is 27844039 a composite number?
False
Is 442561741 a composite number?
False
Is 94294961 a composite number?
True
Is 4120709 prime?
True
Is 1603573 composite?
False
Is 132193981 composite?
True
Is 3055411 a composite number?
True
Is 2150723 prime?
False
Is 12532739 a composite number?
True
Is 48305659 a prime number?
True
Is 91498111 a composite number?
False
Is 464293429 prime?
True
Is 82767773 composite?
True
Is 222623033 a composite number?
False
Is 8068123 prime?
False
Is 615634 a prime number?
False
Is 14961527 composite?
True
Is 1918292179 prime?
True
Is 4984117 prime?
True
Is 7172677 prime?
True
Is 26146607 a composite number?
True
Is 206269153 composite?
False
Is 27183589 prime?
True
Is 2228579 a composite number?
True
Is 11042797 a prime number?
False
Is 966607 composite?
True
Is 8854865 composite?
True
Is 2836829 a composite number?
True
Is 8797571 a prime number?
True
Is 104012917 prime?
False
Is 2639333 a composite number?
False
Is 13386715 a prime number?
False
Is 11211283 composite?
False
Is 461700737 prime?
False
Is 6527447 composite?
False
Is 8782649 a prime number?
True
Is 117769529 a composite number?
False
Is 2917329 prime?
False
Is 12073031 composite?
True
Is 9720631 composite?
False
Is 46826237 a composite number?
False
Is 1528697 prime?
True
Is 4514893 prime?
True
Is 236781